t y(w) = -w**2 + 194*w + 601. Calculate y(-3).
10
Let a(z) = -89*z + 1686. What is a(19)?
-5
Let y(p) = 3*p**2 + 235*p + 116. Determine y(-78).
38
Let o(r) = r**2 + 40*r - 55. What is o(-37)?
-166
Let b(i) = 12*i**2 - 101*i + 116. What is b(7)?
-3
Let p(v) = 340*v - 4738. Give p(14).
22
Let p(s) = 6*s**2 - 82*s - 59. What is p(14)?
-31
Let j(q) = q**3 - q**2 - 431*q + 666. What is j(-21)?
15
Let k(z) = 3344*z + 46831. Determine k(-14).
15
Let l(t) = t**2 + 51*t - 509. Determine l(-56).
-229
Let g(d) = -d**3 - 19*d**2 + 16*d - 58. Calculate g(-19).
-362
Let r(c) = -188*c + 5619. Give r(30).
-21
Let a(h) = 6*h + 40. What is a(0)?
40
Let x(r) = -138*r + 7860. Calculate x(57).
-6
Let c(q) = -35*q + 941. Determine c(32).
-179
Let l(f) = f**3 - 7*f**2 - 15*f + 4. Calculate l(6).
-122
Let k(p) = 7*p**3 - 19*p - 18. Give k(-1).
-6
Let h(k) = -1003*k - 1040. Determine h(-1).
-37
Let r(v) = 2*v**2 + 137*v + 419. Give r(-71).
774
Let w(b) = -417*b - 8331. Give w(-20).
9
Let u(g) = 41*g + 586. Determine u(-12).
94
Let a(h) = -h**2 - 15*h - 36. Determine a(-10).
14
Let c(m) = -7*m**3 + 5*m**2 - 12*m - 36. Give c(-2).
64
Let x(k) = -2*k**3 - k**2 - 1113*k + 2232. Give x(2).
-14
Let d(p) = 33*p**2 - 4*p + 2. Determine d(1).
31
Let y(g) = g**2 - 4*g - 410. Give y(22).
-14
Let p(t) = -17*t**2 + 203*t + 12. Calculate p(12).
0
Let f(q) = -4*q**3 + 72*q**2 + 12*q - 237. What is f(18)?
-21
Let v(u) = -u**3 + 40*u**2 - 74*u - 110. Give v(38).
-34
Let n(y) = -182*y - 433. Determine n(-2).
-69
Let o(m) = -2*m**3 + 3*m**2 + 183*m - 569. Determine o(3).
-47
Let d(c) = -c**3 - 78*c**2 - 79*c - 167. Determine d(-77).
-13
Let s(j) = j**3 - 4*j**2 + j + 9. Calculate s(4).
13
Let a(v) = 271*v - 1486. What is a(5)?
-131
Let d(y) = y**2 + 351*y + 17919. What is d(-289)?
1
Let r(i) = -i**2 - 453*i - 2251. Determine r(-5).
-11
Let x(t) = -7*t**2 + 273*t + 43. What is x(40)?
-237
Let f(b) = 2*b**3 + 15*b**2 - 109*b - 702. What is f(-8)?
106
Let t(u) = u**2 + 98*u + 62. What is t(0)?
62
Let q(o) = -2*o**3 + 11*o**2 + 4*o + 3. Calculate q(6).
-9
Let i(t) = t**3 + 9*t**2 + 22*t + 17. Calculate i(-3).
5
Let z(f) = -13*f**2 - 428*f + 20. Determine z(-32).
404
Let s(j) = -j**2 - 2*j + 87. Give s(0).
87
Let u(t) = 15*t + 110. Determine u(-12).
-70
Let k(g) = 4*g**2 - 14*g - 15. Determine k(10).
245
Let p(k) = k**2 + 190*k + 3154. Determine p(-18).
58
Let a(n) = -24*n**2 - 43*n - 55. Determine a(-4).
-267
Let o(h) = -h**3 - 3*h**2 + 4*h - 144. Determine o(0).
-144
Let q(w) = 3*w**2 + 23*w + 79. Determine q(-3).
37
Let t(m) = 6*m**2 - 124*m - 510. Determine t(-4).
82
Let a(n) = n - 95. Calculate a(92).
-3
Let d(z) = -8*z**3 - 10*z**2 - 5*z - 6. Give d(-2).
28
Let n(r) = -201*r**3 + r**2 - 10*r + 7. Give n(1).
-203
Let a(s) = s**3 - 38*s**2 + 64*s - 58. Give a(36).
-346
Let c(q) = q**2 + 123*q + 1277. Give c(-11).
45
Let k(a) = -a**3 + 14*a**2 - 18*a - 60. Calculate k(12).
12
Let p(l) = l**3 - 2*l**2 - 5*l + 5. Give p(2).
-5
Let g(k) = 20*k - 503. Determine g(17).
-163
Let g(c) = 99*c - 3150. Calculate g(32).
18
Let m(j) = -8*j**2 - 309*j + 1928. Give m(6).
-214
Let m(f) = -557*f + 1102. What is m(2)?
-12
Let m(n) = -n**2 + 834*n + 240846. What is m(-227)?
-1
Let s(d) = -d**3 + 15*d**2 + 36*d - 148. Calculate s(17).
-114
Let t(s) = s**3 - 29*s**2 - 3*s - 56. Determine t(29).
-143
Let f(s) = 58*s + 762. What is f(-13)?
8
Let u(k) = 51*k**2 + 461*k + 25. Give u(-9).
7
Let t(s) = 11*s + 388. Give t(-35).
3
Let x(j) = 91*j - 298. Calculate x(4).
66
Let g(d) = -2*d**3 - 7*d**2 + 154*d + 18. Determine g(7).
67
Let p(g) = g**3 + 17*g**2 - 32*g + 243. Give p(-19).
129
Let i(g) = g**2 + 28*g + 280. What is i(-13)?
85
Let n(p) = p**3 + 16*p**2 + 27*p + 2. Determine n(-13).
158
Let g(v) = v**2 + 69*v + 371. Determine g(-6).
-7
Let n(y) = 720*y + 2821. What is n(-6)?
-1499
Let c(t) = 404*t + 1226. Determine c(-3).
14
Let x(k) = k**3 - 3*k**2 - 208*k + 30. Determine x(16).
30
Let z(v) = 12*v + 69. Determine z(-10).
-51
Let y(a) = -967*a + 26129. What is y(27)?
20
Let d(y) = -2897*y**2 + 14494*y - 42. What is d(5)?
3
Let n(s) = -s**2 - 44*s - 371. Calculate n(-11).
-8
Let l(a) = -a**3 + 16*a**2 - 32*a + 55. Determine l(14).
-1
Let g(l) = l**2 - 5*l - 79. Calculate g(15).
71
Let o(n) = 25*n + 230. What is o(-15)?
-145
Let u(g) = -2*g**3 + 20*g**2 + 12*g - 217. Give u(9).
53
Let q(z) = -21*z**3 + 20*z**2 - 34*z + 13. Give q(1).
-22
Let k(d) = -d**2 + 4*d + 413. What is k(-18)?
17
Let o(y) = 3*y**2 + 116*y - 61. What is o(-39)?
-22
Let g(s) = 844*s - 46416. Give g(55).
4
Let w(c) = 1800*c - 16198. What is w(9)?
2
Let f(j) = -j**3 + 28*j**2 + 200*j + 118. Calculate f(34).
-18
Let x(g) = 213*g + 4631. Give x(-22).
-55
Let y(c) = c**2 + 447*c + 1333. Determine y(-3).
1
Let p(m) = 114*m - 4906. Determine p(43).
-4
Let t(c) = -c**3 - 47*c**2 + 111*c + 230. What is t(-49)?
-407
Let h(t) = -1165*t - 2303. Give h(-2).
27
Let i(o) = -4*o**2 - 259*o - 1415. Determine i(-6).
-5
Let l(m) = m**3 + 4*m**2 - 92*m + 3. What is l(8)?
35
Let u(y) = 2*y**2 + 101*y + 381. Give u(-4).
9
Let v(y) = y**3 - 14*y**2 + 8*y + 85. Calculate v(13).
20
Let b(t) = -3*t**3 + 24*t**2 - 4*t - 7. Determine b(8).
-39
Let f(k) = 5*k**2 + 132*k + 493. Give f(-22).
9
Let s(w) = -w**3 - 18*w**2 - 38*w - 699. Determine s(-18).
-15
Let b(x) = 132*x**3 - 10702*x**2 + 809*x + 85. What is b(81)?
4
Let b(i) = i**3 - 2*i**2 - 3*i - 80. What is b(0)?
-80
Let h(a) = -33*a**2 + 123*a + 122. What is h(-1)?
-34
Let z(s) = 23*s + 17. Determine z(-1).
-6
Let x(l) = -410*l - 19282. Give x(-47).
-12
Let q(b) = b**3 - 24*b**2 - 253*b + 18. What is q(32)?
114
Let c(d) = 27*d + 150. Give c(-5).
15
Let v(r) = -2*r**2 + 95*r - 774. Determine v(37).
3
Let o(b) = -120*b + 7317. Determine o(61).
-3
Let s(r) = 2*r**3 - 8*r**2 + 15*r - 123. Calculate s(5).
2
Let t(q) = -q**3 + 22*q**2 - 118*q - 22. Give t(12).
2
Let r(b) = -b**3 - 74*b**2 - 7*b - 181. What is r(-74)?
337
Let o(i) = i**3 + 32*i**2 - 10*i - 483. Calculate o(-32).
-163
Let m(s) = s**3 + 3*s**2 + 3*s + 33. Determine m(-5).
-32
Let f(r) = -46*r - 2314. What is f(-51)?
32
Let z(b) = -327*b - 4572. Give z(-14).
6
Let u(y) = -13*y + 264. Determine u(10).
134
Let p(x) = 3*x**2 - 30*x - 102. Determine p(-6).
186
Let h(l) = 3*l**2 - 50*l + 132. Give h(13).
-11
Let y(i) = 27*i + 228. Determine y(14).
606
Let a(r) = -2*r**2 + 58*r + 541. Calculate a(-11).
-339
Let p(q) = 10840*q + 86680. What is p(-8)?
-40
Let g(f) = -2*f**3 - 111*f**2 + 38*f - 702. Calculate g(-56).
306
Let r(j) = j**3 - 59*j**2 + 217*j + 155. Calculate r(55).
-10
Let m(u) = 30*u - 162. What is m(6)?
18
Let q(f) = -f + 130. Give q(8).
122
Let w(b) = -4*b**2 + 64*b + 44. Give w(15).
104
Let l(h) = 748*h - 26921. Calculate l(36).
7
Let p(f) = 11*f**3 - 351*f**2 - 37*f + 190. Calculate p(32).
30
Let f(l) = 42*l + 205. Calculate f(-5).
-5
Let b(g) = -2*g**3 - 8*g**2 + 9*g - 96. What is b(-6)?
-6
Let m(w) = -20*w**2 - 166*w + 102. Determine m(-9).
-24
Let y(j) = -363*j - 2909. Give y(-8).
-5
Let r(c) = 10*c**2 - 725*c + 1042. Give r(71).
-23
Let o(v) = 3*v - 42. What is o(28)?
42
Let v(h) = 2*h**3 + 39*h**2 - 17*h + 33. What is v(-20)?
-27
Let v(c) = -69*c + 1113. Calculate v(16).
9
Let i(u) = 63*u - 681. Give i(11).
12
Let d(t) = -t**3 - 6*t**2 + 475*t + 2. What is d(-25)?
2
Let k(t) = -141*t + 1392. What is k(14)?
-582
Let s(a) = a**2 + 14*a - 19. What is s(-9)?
-64
Let k(w) = -w**2 + 20*w + 2. Determine k(3).
53
Let f(s) = 3*s**3 - 112*s**2 + 30*s + 97. What is f(37)?
-162
Let n(k) = 37*k - 69. Determine n(4).
79
Let f(t) = 2*t**2 - 42*t - 36. What is f(22)?
8
Let s(p) = 5*p**2 + 86*p - 62. Give s(-18).
10
Let y(n) = -n**3 - 8*n**2 + 103*n - 17. Determine y(-15).
13
Let n(h) = -h**2 + 159*h - 2035. What is n(14)?
-5
Let n(i) = i**2 + 31*i + 153. Calculate n(-25).
3
Let r(y) = 29*y**2 + 74*y - 4. Calculate r(3).
479
Let m(z) = 8964*z + 8981. Determine m(-1).
17
Let n(w) = -18*w - 1089. What is n(-61)?
9
Let g(r) = 16*r + 888. Calculate g(-51).
72
Let x(a) = a**2 + 46*a - 5269. What is x(53)?
-22
Let y(w) = 50*w**2 - 164*w - 165. Determine y(-1).
49
Let c(q) = 5*q**3 + 19*q**2 - 7*q - 9. Determine c(-5).
-124
Let m(v) = v**2 + 776*v + 6096. Determine m(-8).
-48
Let n(x) = -x**3 + x**2 + 14*x - 9. What is n(5)?
-39
Let x(y) = -125*y + 16561. Determ